nd j?
7
Suppose 0 = -3*m + 3*l + 60, -2*m + 0*m - 5*l = -12. Suppose -z + m = j - 0*j, -z + 5*j + 40 = 0. What is the highest common factor of 180 and z?
20
Let u = 93 + -38. Suppose 13*f - 53 = -1. Suppose 5*a - 122 = 4*o, -4*a + 76 = -0*o + f*o. Calculate the greatest common divisor of a and u.
11
Let q = -28 + 31. Suppose -4*v + 87 = -4*f - 13, -3*f + q = 0. Let c(t) = -t**3 + 182. Let r be c(0). What is the greatest common divisor of r and v?
26
Suppose -11*c + 6*c = 70. Let z(x) = -2*x**2 - 31*x - 15. Let o be z(c). Suppose 5*p = -0*p + 90. Calculate the highest common divisor of o and p.
9
Let i be 1092/9 + (-8)/(-12). Suppose x - i = -26. What is the highest common divisor of 24 and x?
24
Let b = 4 + -8. Let n be b/(-6)*(-1 - -4). Suppose -n*w + 30 = -0*w. Calculate the highest common factor of w and 165.
15
Suppose 0 = -3*x, -2*x + 2 + 13 = 3*k. Suppose 4 = -2*y + 4*t, k*y - 10 = y + 2*t. Let c be (-285)/(-4) + 3/y. What is the highest common factor of c and 9?
9
Let m = 165 - 159. Suppose 0*l + m*l = 210. What is the greatest common factor of l and 140?
35
Let q = -9 + 14. Let r(f) be the second derivative of -f**4/12 + 4*f**3/3 - 3*f**2 - 27*f. Let w be r(q). What is the highest common divisor of w and 3?
3
Let o(g) = -49*g - 2. Let u be o(-2). Let i be 196/(-3) + (1 - (-2)/(-3)). Let b = -1 - i. What is the highest common factor of u and b?
32
Suppose 0 = -5*w - s + 2088, 3*s + 1258 = 3*w + s. Calculate the highest common factor of 22 and w.
22
Suppose -3*u - 205 = -622. Suppose 0 = 4*o - d - u, 4*d + 46 = -3*o + 4*o. What is the greatest common factor of 136 and o?
34
Let t = -530 + 533. Let q be ((-10)/(-4))/(2/4). Suppose -q*c + t*c - 98 = -2*v, 4*c + 148 = 3*v. Calculate the greatest common factor of v and 6.
6
Let s be (891/44)/((-1)/(-4)). Calculate the greatest common factor of 864 and s.
27
Let q = 275 + -267. Let u(k) = -k + 2. Suppose 40 = -3*z - z + 4*b, 2*b - 8 = 0. Let h be u(z). Calculate the greatest common factor of h and q.
8
Suppose -2*x + 2*h = 5*h, -3 = x + 3*h. Calculate the highest common divisor of x and 15.
3
Let s be (-1)/((28/8)/(-7)). Suppose -210 = -3*f + 2*f - j, 5*j - 423 = -s*f. Let q = 27 - 8. Calculate the greatest common divisor of q and f.
19
Let v = 61 - 26. Suppose 0 = 3*q + 3*y - 111, -126 = -3*q + y - v. Let j(z) = 4*z - 12. Let o be j(5). Calculate the highest common divisor of o and q.
8
Let c(u) = 457*u**2 + 14*u - 11. Let g be c(2). What is the greatest common divisor of g and 30?
15
Suppose 2*d - 163*h = -164*h + 34, -2*d + 5*h = -46. Let q = 10 - 4. What is the highest common factor of d and q?
6
Suppose -5*o + 4*o + 7 = 3*n, -5*n = -5*o + 115. Suppose -o + 181 = 2*i. Calculate the greatest common divisor of 9 and i.
9
Let b = -1 + 8. Suppose 0 = -b*c + c + 12. What is the greatest common divisor of c and 3?
1
Suppose -3*i - 6*i = -1485. Suppose 25 = 6*b - b, -5*f = -5*b - i. Calculate the greatest common factor of 95 and f.
19
Let s(n) = -n**3 + 3*n**2 + 16*n - 9. Let v be s(5). What is the greatest common factor of v and 1407?
21
Suppose 5*g - 5*o - 214 - 31 = 0, -3*g + 140 = 4*o. What is the highest common divisor of 112 and g?
16
Let t(p) = p**3 - 15*p**2 + 9*p. Suppose -4*f = -3*h + 25, 4*h - 35 = h + 2*f. Let x be t(h). What is the greatest common divisor of 30 and x?
15
Suppose 5*k - 27 = 213. Suppose -13*p + 15*p = 8. Let t be p/10*60/2. Calculate the highest common divisor of k and t.
12
Suppose -22*q + 43 = -17*q + h, -3*h - 31 = -5*q. Suppose a - 27 - 17 = 0. Calculate the highest common factor of q and a.
4
Let c = -480 - -1823. Suppose 4*k = 4*x + c + 569, 0 = x + 5. Calculate the greatest common factor of 43 and k.
43
Let y be 21 + (6/3)/((-4)/6). What is the highest common factor of 144 and y?
18
Let i be 6/(24/(-1456)*28/(-8)). What is the greatest common divisor of i and 78?
26
Let v(n) = -2*n + 2. Let b be v(-6). Let m = 6 - 8. Let q be 84/(-15)*10/m. Calculate the greatest common divisor of q and b.
14
Suppose -519 - 489 = -3*s. Suppose -9*c = -2*c - s. What is the greatest common factor of c and 72?
24
Let b be (-2)/(-4)*146*1. Suppose b = 5*m - 3*f, -5*m + m - 5*f = -51. Let l = -3 + m. Calculate the greatest common factor of 99 and l.
11
Suppose 54 = 2*d + 9*f - 13*f, 3*d - 3*f - 66 = 0. What is the highest common divisor of 34 and d?
17
Suppose u = 3*u - 46. Let g(y) = -7*y**3 - y**2 + 8*y + 5. Let n be g(-3). Calculate the highest common divisor of u and n.
23
Let x be 7*1*5*30/75. Calculate the greatest common factor of 49 and x.
7
Let c = 486 + -476. Calculate the highest common divisor of 55 and c.
5
Let j(b) = -b**2 + 34*b - 29. Let u be j(30). Let n = u + -57. What is the greatest common factor of 17 and n?
17
Let t be (-4)/24*2*-18. Suppose 2*c - t - 6 = 0. Let d = -2 - -4. What is the highest common divisor of c and d?
2
Let p be 1*-2*9331/(-62). Calculate the highest common divisor of p and 129.
43
Let z(y) = 8*y**2 - 17. Let c be z(-3). What is the greatest common divisor of c and 330?
55
Suppose -3*m + 0*m = 4*l - 23, -4*m + 31 = 5*l. Calculate the greatest common factor of 225 and m.
9
Let q(r) = r**3 - 3*r**2 - 2*r - 2. Let a be q(7). Calculate the highest common divisor of 45 and a.
45
Let k = 143 + -52. What is the greatest common factor of 39 and k?
13
Let a = -51 + 71. What is the greatest common divisor of a and 80?
20
Let l be ((-2)/(-12))/(18/3645)*16. Suppose 0 = -2*t + 3*o + 241 + 29, 4*t + o = l. What is the greatest common factor of 90 and t?
45
Suppose -180*m - 48 = -183*m. Suppose 256 = -3*h + 7*h. What is the greatest common factor of h and m?
16
Let w(d) = -d**2 - 8*d + 12. Let i be w(-9). Suppose i*n + 252 = 5*n. Calculate the highest common factor of 14 and n.
14
Let o = 44 - 22. Let p = o - -1. Calculate the highest common divisor of 253 and p.
23
Let z(p) = 4*p**2 - 4*p. Let v be z(3). Suppose -4*d = 14 - 62. What is the highest common factor of v and d?
12
Suppose -2*x = -2*d - 194, 7*d - 4*d = 15. Let h be 24/(-10)*(150/12 + -5). Let r = x - h. Calculate the highest common factor of 15 and r.
15
Suppose -12*p + 1525 + 503 = 0. What is the greatest common factor of p and 26?
13
Let r be (0/5)/(-1 + 3). Let f be -3 - ((-48)/1 - r). What is the highest common factor of f and 18?
9
Let l = -106 - -136. Calculate the greatest common factor of 10 and l.
10
Let r(z) = -48*z + 10. Let j be r(-2). Suppose 30*y = 31*y - j. What is the highest common divisor of 265 and y?
53
Let t = -49 - -324. Suppose t = 5*i - 0*i. Let u = 17 - 6. What is the highest common factor of u and i?
11
Let o = 28 - -28. Let w = -1724 - -1766. Calculate the highest common divisor of o and w.
14
Let k = 775 - 553. Calculate the highest common factor of k and 6.
6
Let z(c) = -c**2 - 7*c - 9. Let i be z(-8). Let p = i - -16. Let h = p + 33. What is the highest common factor of 128 and h?
32
Let u be (-14)/21 + 4277/21. Calculate the highest common divisor of u and 7.
7
Let h = -94 - -145. Suppose -a + h = 3*k, 2*k + 3*a = 6 + 21. What is the greatest common divisor of 2 and k?
2
Let i(w) = w**2 + 4*w + 7. Let v be i(-2). Suppose v*s - 2*o = -0*o + 49, -32 = -4*s - 4*o. What is the highest common divisor of s and 52?
13
Let n(k) be the first derivative of k**2/2 + 27*k - 3. Let t be n(0). Calculate the greatest common divisor of t and 3.
3
Suppose 2*w = 5*p + 19, -3*w - p + 66 = 4*p. What is the highest common divisor of 2 and w?
1
Suppose -i + 59 + 12 = 0. Suppose -74*q + i*q + 39 = 0. Calculate the highest common factor of q and 91.
13
Let n be (-60)/6 + 16 - -78. Let v(j) = 3*j + 3. Let b be v(6). Calculate the highest common divisor of b and n.
21
Suppose -115*a = -108*a - 1624. Calculate the highest common factor of 8 and a.
8
Let f(y) = y**3 - 21*y**2 - 22*y + 18. Let w be f(22). Suppose -l = 5*p - 42 - w, -8 = -2*p. What is the highest common divisor of l and 5?
5
Let q(a) = -a + 9. Let m(t) = t + 1. Let d(p) = 2*m(p) + q(p). Let h be d(9). Suppose -11*v + 520 = 2*v. What is the highest common divisor of h and v?
20
Let w = -55 + 68. Suppose -10*c - 45 = -w*c. Suppose 2*j + 0*h = 3*h + 321, h = -4*j + 663. What is the greatest common factor of c and j?
15
Let q = -1 + 3. Let h be (4 - -5)/(q/2). Calculate the greatest common divisor of h and 18.
9
Let j(d) =